divisor of h and 88?
8
Let d(o) = 3*o**2 - 14*o + 9. Let q be (-1)/(4/18 - (-171)/(-405)). Let m be d(q). Calculate the highest common divisor of m and 21.
7
Suppose 4*a + 1 = 5*f - 3, -3*f = 5*a - 32. Let b be ((-3)/a)/(27/(-432)). Calculate the highest common factor of 204 and b.
12
Let b be (0*2/(-6))/(-4). Suppose b = -7*o + 59 + 270. What is the highest common divisor of 329 and o?
47
Let s(d) = 16*d - 35. Let p be s(3). Suppose -3*h = p - 118. Let v = -17 + 24. What is the highest common divisor of h and v?
7
Let l(k) = k**3 + 8*k**2 - 31*k - 71. Let m be l(-10). Calculate the highest common divisor of m and 156.
39
Let z be (-1 + 3 + (-128)/(-224))*21. What is the highest common divisor of 918 and z?
54
Let q be (-1 - 0)/(680/226 + -3). Let m = q - -133. Calculate the greatest common divisor of 16 and m.
4
Let k be ((-418)/8*-1)/(128/512). What is the highest common divisor of 11 and k?
11
Suppose -3*r + 27 = 15, 5*j + 2*r - 2773 = 0. What is the greatest common divisor of 79 and j?
79
Let d = -9 - -10. Let b be d - (-54)/3 - 1. Let s be (b/(-10))/((-3)/15). What is the highest common divisor of s and 1?
1
Suppose 0 = 5*x + 6*s - 5*s - 38, 0 = -5*x + 5*s + 50. Suppose -x = z - 37. What is the highest common divisor of 145 and z?
29
Suppose -5*f + 3*q + 17 = -q, 0 = -2*f - 3*q - 7. Calculate the greatest common divisor of f and 4.
1
Let h(d) = -2*d**2 - 31*d - 20. Let b be h(-12). Calculate the highest common factor of b and 32.
32
Suppose -3*g - 12 = 0, 96 + 380 = 2*m + g. Suppose 20 = 5*l - 4*s, -9 = -3*l + 3*s - 0*s. Calculate the greatest common factor of l and m.
8
Suppose 3*m = -5*h + 278, -298 = -3*m + 6*h - h. Calculate the greatest common factor of 128 and m.
32
Suppose -u = -0*u - 3. Suppose -49 = -u*o + 11. Suppose w - 2*w + 80 = 0. Calculate the highest common divisor of o and w.
20
Let r be (-56 + -1)/(-1)*14/6. What is the highest common divisor of r and 285?
19
Let t = -651 - -584. Let b = 6 + -45. Let a = b - t. Calculate the greatest common factor of 7 and a.
7
Suppose 0 = -s + 3*s - 4*a - 26, 4*s = -5*a + 65. Calculate the highest common divisor of s and 135.
15
Let v be 8/(-12)*(-9)/12*-4. Let w be (-10)/(-6 + 6 + v). Calculate the highest common divisor of w and 1.
1
Suppose 0 = 2*x - 2 - 42. Suppose x = 14*h - 3*h. Calculate the highest common factor of 6 and h.
2
Suppose 2*d + 2*w = 54, 0 = 5*d + 4*w - 178 + 45. Calculate the greatest common divisor of 125 and d.
25
Suppose 385 = 10*q - 465. Suppose -5*r - c + 85 = -4*c, 5*c = -5*r + q. Calculate the greatest common divisor of r and 51.
17
Suppose 4*q + 4 = -3*n, 2*n - 3*q = -3*n + 3. Suppose 41*t - 39*t + 4 = 0. Let b be n/6 + 4 + t. What is the highest common factor of 2 and b?
2
Let b be 12 + (-7 - (4 + -7)). Let x = 12 + b. What is the greatest common factor of 4 and x?
4
Let u be ((-4)/12)/((-2)/(-12)). Let a be u*(-2 + 4)/(-4). What is the highest common divisor of a and 1?
1
Let n be (-30705)/(-69)*3/5. Calculate the highest common factor of 89 and n.
89
Let n be -1 - (20/2)/(-1). Let r(j) be the first derivative of j**3/3 - 4*j**2 - 15*j - 6. Let t be r(11). What is the greatest common divisor of n and t?
9
Let p(c) = 2*c**3 - 8*c**2 + 5. Let x be p(6). Let f be 15/(-5 + 2)*(20 - 1). Let b = f + x. What is the highest common factor of b and 6?
6
Let y(r) be the third derivative of -r**6/120 + r**5/6 - 5*r**4/24 + r**3/6 - 11*r**2. Let m be y(4). What is the highest common factor of 11 and m?
11
Let y(d) = d**2 - 8*d + 4. Let v be y(8). Let c be 4 + v + -1 + -2. Let k be (-1)/2 + (-62)/(-4). Calculate the highest common factor of c and k.
5
Let l(s) = 12*s**2 - 3. Let u be l(-2). Let h = -29 + u. Let f = -53 + 77. What is the highest common factor of h and f?
8
Let n = 8 - 4. Suppose 100 = 2*s + 3*s - y, 2*y = 4*s - 80. Calculate the highest common divisor of s and n.
4
Let o(z) = -z**3 - 6*z**2 - 10*z - 2. Let l be o(-6). Let c = l + 217. What is the highest common factor of c and 25?
25
Let c(y) = -6*y**2 - 4. Let p be c(-2). Let o be ((48/(-10))/(-3))/(p/(-70)). Let r be ((-12)/(-10))/(1/10). Calculate the greatest common factor of r and o.
4
Suppose -12546 = -467*b + 449*b. Calculate the greatest common divisor of 17 and b.
17
Let r = -2 - -17. Let w = -78 + 96. Suppose -217*d + w = -211*d. Calculate the highest common divisor of d and r.
3
Let t(j) = -2*j**2 - 6*j + 7. Let h be t(-5). Let s = 17 + h. Suppose -5*q = -s - 1. Calculate the greatest common factor of 1 and q.
1
Suppose -4*d + 228 = -10*d. Let z = 49 + d. What is the highest common factor of 11 and z?
11
Let i(k) = k**3 + 3*k**2 - 17*k + 8. Suppose 5*b = -3*b - 48. Let z be i(b). What is the highest common divisor of z and 4?
2
Suppose 4*s + 4 = 3*r - 5, s - 3 = -r. Let g = 46 - r. Let f = 63 - g. What is the greatest common factor of f and 5?
5
Let i(j) = 7*j**2 - 20*j + 8. Let h(a) = -20*a**2 + 59*a - 23. Let k(c) = -6*h(c) - 17*i(c). Let y be k(14). Calculate the highest common divisor of 7 and y.
1
Let o be (-1 - -23)*(1 + 5). What is the highest common divisor of 33 and o?
33
Let o(c) = -24*c - 12 - 13 + 9. Let j be o(-4). Suppose 0 = -2*k, 40 = 4*p + 2*k - 7*k. Calculate the highest common divisor of p and j.
10
Suppose 0 = -4*k + 22 + 18. Let x be (-37)/(-74) + (-18)/(-4). Calculate the greatest common divisor of x and k.
5
Let g(i) = -i**2 - 53*i + 16. Let v be g(-16). Suppose 0 = -5*b - 128 + v. What is the highest common divisor of 72 and b?
24
Let j be 5*(9/5 + -1). Suppose -c = i - j - 1, 4 = 4*c. What is the highest common divisor of i and 32?
4
Suppose 0 = -n - 12 - 5. Let q(h) = h**3 + 17*h**2 - h + 15. Let g be q(n). What is the greatest common factor of g and 8?
8
Let k(f) = f**3 - 7*f**2 + 6*f - 3. Let c be k(6). Let y(t) = -2*t**3 - 3*t**2 + 4. Let s be y(c). What is the highest common factor of 124 and s?
31
Let c = 42 + -4. Let s = -17 + c. Calculate the highest common divisor of 189 and s.
21
Suppose -12*c = -483 + 15. What is the greatest common factor of 1287 and c?
39
Suppose -j - 3*y = 8 - 42, -2*j - 5*y = -67. Let c = j - 17. Let i = 84 + 56. What is the highest common factor of c and i?
14
Let s = 30 + -16. Let j be ((-6)/4 + 2)*316. Suppose 5*k + 4*u - 183 = 0, 4*k - j = u - 20. What is the highest common factor of s and k?
7
Let d be -29*1/(2/(-2)). Suppose -55 - d = -x. Let f = 377 + -363. Calculate the highest common divisor of f and x.
14
Let i(b) = -b**2 - 4*b. Let f be i(-6). Let q = f + 16. Let d be (11 - q) + 2 + 0. What is the greatest common factor of 6 and d?
3
Let i(m) = 14*m - 4. Let q be i(3). Suppose 1311 = 72*n - 2793. Calculate the greatest common divisor of n and q.
19
Let w = -686 - -750. Calculate the highest common factor of 192 and w.
64
Let v be (2/8)/((-14)/(-112))*1. Suppose 0*c + 5*c - 448 = -v*t, -4*t + 356 = 4*c. Calculate the highest common factor of c and 9.
9
Suppose 3*p = 2*o - 78, -7*o - 34 = -8*o - p. Calculate the highest common factor of o and 45.
9
Let v = 1333 - 1329. What is the highest common factor of 9 and v?
1
Suppose 37*m = -40*m + 1848. What is the highest common factor of 21 and m?
3
Let d(g) = -6*g**3 + 3*g**2 - 3*g - 3. Let n be d(-3). Let j be ((-20)/(-25))/(2/n). What is the highest common factor of j and 3?
3
Let w(s) = -6*s - 1. Suppose 5*k + x - 5*x = -88, -3*k = 3*x + 69. Let j be (-10)/4*(-24)/k. Let f be w(j). What is the highest common factor of f and 51?
17
Let w be (-23 + 24)/(1/108). What is the highest common factor of w and 99?
9
Let m(g) = -119*g + 663. Let a be m(5). What is the highest common factor of 1037 and a?
17
Let y = 25 + -19. What is the greatest common factor of y and 18?
6
Suppose 3*j = -2*t - 405, -3*j = 2*t - 8*j + 381. Let d be t/(-12)*4/3. Calculate the greatest common factor of 55 and d.
11
Let q = 17 + -14. Let n(o) = 7*o**3 + 4*o**2 - 4*o + 7. Let y be n(q). What is the highest common divisor of 88 and y?
44
Let i(j) = 7*j**2 - 91*j + 178. Let a be i(2). What is the greatest common factor of a and 768?
24
Suppose -4*k = 5*n - 3, 28*k + 21 = 5*n + 26*k. What is the highest common factor of n and 11?
1
Let u be (-3 + 12/(-3))/(-1). Suppose o = u*o - 300. Suppose 3*g - 5*c - 60 = 0, 3*g + 4*c - 79 = -19. Calculate the greatest common factor of o and g.
10
Let u(b) = -b**3 - 15*b**2